6 + -12 + 11)
-81
Evaluate 30 + 16 - (-98 + 125).
19
What is 103 - (155 - (67 - -54))?
69
Calculate -39 - (102 - 181) - (1 - -19).
20
47 + 7 + (-10 - 7 - 0)
37
What is 0 - 80 - (12678 + -12677)?
-81
Evaluate -1508 + 1448 - (-16 + -1 + -1).
-42
46 - (52 + 6 + -42)
30
Evaluate -3 + 8 + 7 - (21 - 17 - -9).
-1
What is 105 + -133 + 28 + -48?
-48
What is the value of -119 - (-15 + 8 + 5) - -9 - (-8 - 3)?
-97
Calculate 25 + -2 + -12 + -59 + 70 - -12.
34
What is -12 - -27 - -6 - (-1 - -1)?
21
-81 + (16 - -13) + -7 + (-8 + 9 - 11)
-69
What is 14 - (-19 + (-71 - -59 - (-24 + 5)))?
26
What is the value of -39 + (-52 - -41 - -30)?
-20
Calculate 1 + 39 + (-6 + (0 - 2) - 0).
32
Calculate 100 + (-64 - (90 - 16)).
-38
-36 + (15 - 16) - ((-2 - (1 + -10)) + 7)
-51
Evaluate -8 + 5 + -4 - (6 - -27 - 9).
-31
What is (-83 - -68 - -5) + (0 - (-52 + 1 + 0))?
41
What is the value of -10 + -35 - -35 - (-41 + -1)?
32
Evaluate (-6 - (24 + -41)) + 33.
44
What is -3 + -26 - 5 - (-16 - (-13 + -7)) - 3?
-41
What is the value of -28 + 14 + 43 - 78?
-49
What is the value of -7 - 0 - 19 - (367 + -325)?
-68
What is the value of 58 + 9 + -39 - (0 - -99)?
-71
What is 0 + -71 + (-117 - -62 - -73)?
-53
Evaluate -58 + (-27 - (-2 + -33)).
-50
What is 147 + -53 - 144 - -83?
33
What is the value of (3 - -29 - 82) + 64?
14
What is the value of 5 - (353 - 348 - (0 + 23))?
23
-135 - -90 - (-2 - -8 - 17)
-34
Evaluate -108 + (-79 - (-195 + 20)).
-12
Calculate (-291 - -236) + 109 + -6.
48
Evaluate (-35 - (-70 + -31)) + -94.
-28
7487 + -7364 + -3 + -216
-96
What is (-2 - -1) + -30 + 2 + (-151 - (351 - 509))?
-22
Calculate (4 - -160) + -75 - 77.
12
What is 11 + 10 - ((39 - 20) + 31)?
-29
(0 - -16 - ((-37 - -5) + 50)) + 65
63
-8 + (4 - -7 - 17) + 18 + 47
51
Evaluate -15 + 8 + ((20 - 12) + 2 - 11).
-8
Evaluate -1 - -31 - (126 - (-48 - -18)).
-126
What is the value of (-10 - -12 - -7) + -24 + 9 - 29?
-35
23 - (-180 + 160 + 55 + -3)
-9
2 - (-21 - 16 - (0 - -5)) - (-25 + 35)
34
What is (-19 - (-4 - 16) - 11) + (-7 - -2)?
-15
What is -8 - 10 - (17 + 16 + -7)?
-44
What is the value of 5 + 19 + (4694 - 4829)?
-111
Calculate -64 - ((2 - 11 - (-7 - (-11 + 10))) + -1).
-60
(-5 - ((10 - 1) + (2 - 5))) + 30 + 24
43
What is -45 - -77 - 27 - (-7 - -4)?
8
What is the value of (0 - 31) + (-57 + 55 - 9)?
-42
Evaluate -80 + 59 - (-37 + (-11 - 2)).
29
What is the value of (-2506 - -2465 - (1 - 8)) + 0?
-34
What is 8 - (38 + -16 - (3 + -1) - -8)?
-20
Evaluate (-23 - -4) + (-23 - -11 - (-16 - -13)).
-28
What is -7 + (18 - 88) + 34?
-43
26 + (20 - 45) + (2 - 0) + 44
47
(6 - -11) + -9 + -13 - -7
2
10 + (-30 + 38 - -19) + -25
12
Calculate 1 + -55 - (325 + -290 - (-2 + 45)).
-46
34 + (-124 - -52) - 11
-49
What is the value of (3 - 2) + 2 - (-227 + 103 + 100)?
27
Evaluate (13 - (43 - -11)) + 24.
-17
Evaluate (-30 - (1 + (-3 - 0))) + -407 + (433 - 40).
-42
What is (-15 + -7 - (-78 + 48)) + (3 + 1 - -2)?
14
What is the value of (-11 - -12 - 6) + (8 + -15 - 31)?
-43
Calculate (-11 - 4 - -5) + -133 + 99.
-44
(10 - (-60 + 3 + 18 + -12)) + (0 - 4)
57
What is -11 + (-12 - ((11 - 6) + -60)) - -1?
33
Evaluate 79 - (16 + (11 - (9 - 11))).
50
-1 + -6 - 0 - (-11 + (-60 - -27))
37
What is 1 + 2 - (-53 + 25 + 53 + (-9 - -106))?
-119
What is the value of -85 - -25 - -91 - 4?
27
What is the value of 1 + -4 + 46 + -521 + 410?
-68
What is the value of 35 - (33 - (82 + -29))?
55
-7 + -22 + 1 + -25 + -4 + 42
-15
7 + 16 + -9 + -45 - (4 - 10)
-25
What is the value of -3 - ((1 - 3) + 10 + -45)?
34
Calculate 9 - (12 - 7 - (6 - -14 - 9)).
15
What is the value of -4 + -1 - (-3 + 1) - (127 - (253 - 132))?
-9
Calculate 11 + 5 + -3 + -57 + 91.
47
35 - (0 - -140) - -14 - -2
-89
Calculate 66 + -48 - (-9 + -1 + 104 - -6).
-82
What is the value of 1116 + -1171 - (-3 - 8)?
-44
Evaluate (15 - 56 - -29) + (-7 + 4 - -9).
-6
What is the value of -68 - 53 - -88 - ((0 - 1) + 4)?
-36
What is 43 + -7 + -45 - -16?
7
Evaluate -21 + -4 + 21 + -34 + 0 + 75.
37
Evaluate -30 + (35 + -31 + 2 + -24 - (-8 - -4)).
-44
Calculate -6 + 3 - 9 - -2 - (1072 - 1028).
-54
What is the value of -14 + (-5 - (-29 + 10 - (9 + 66)))?
75
9 - (-1 + 9 + 46 + 7 - 0) - 10
-62
Calculate -10 + (6 - (11 + 0)) + 2 - 7.
-20
Calculate 9 - (9 - 13) - (4 + 0 + 43).
-34
431 - 273 - 157 - (73 - -1)
-73
Calculate (1 - -1 - 25) + -189 + -22 + 204.
-30
What is the value of (-11 - (11 + 1) - -32) + -3?
6
What is the value of 7 - 0 - (13 + -2 + -18 + -3 - -39)?
-22
What is the value of 38 + -62 + 16 - (1 - 10)?
1
What is the value of (39 - 55 - -41) + 5 + 9?
39
What is 192 + -183 - (-76 + -23)?
108
77 + -21 - (-122 - -227)
-49
Calculate -37 + (1 - -51) + (-384 - -391).
22
What is -5 + (109 - 128 - (-9 - 1) - (1 - 9))?
-6
What is (-14 + 0 - (66 - 60)) + -16?
-36
Calculate 0 + -1 + 6 - (-173 + 122 - -46).
10
What is (17 - (22 - (9 + -8))) + -25 + 2 + 2?
-25
-120 - 8 - (-7 + -54 + 39)
-106
What is 3 - -76 - (1 - 2 - (23 + -45 - -14))?
72
What is -1 + (-16 - -66 - 83)?
-34
What is -43 + -4 - (107 + -78) - -19?
-57
What is -11 + (55 - (58 - -34))?
-48
-65 - (26 + (-70 - 15))
-6
What is the value of (11 - 1) + (-6 + 1 - (-19 + 5))?
19
What is the value of -101 + (66 - -75) - 41?
-1
What is the value of -14 - (-3 + 3 + -46 + 57 + -70)?
45
Calculate (19 - 10 - -25) + 14 + -8 + 3.
43
Calculate (91 - (161 + -60)) + 1 + 13 + -152.
-148
Evaluate -6 + (-5 + 2 - -57 - (-20 + 37)).
31
What is the value of (39 - 103) + 73 - -43?
52
What is the value of 5 + 2 + 124 + (765 - 792)?
104
1153 + -1153 - (-1 + 3 + -5 + -41)
44
What is -83 + 16 + -10 + (-14 - -10 - -14)?
-67
2 + (-8 - 38) + (-92 - -100)
-36
Evaluate (-68 - -30) + 46 + 0 + -1 + -58 - -9.
-42
22 + 13 + (-31 + (4 - 10) - -12) + 8
18
(8 - -3 - -14) + (-7 - -2) + -8
12
What is the value of -262 - -324 - (7 + 20)?
35
What is 8 + (24 - -26) + 4 + -23?
39
What is 9 + (5 - (6 - 13 - -1)) + 47 + 26?
93
Calculate (1 - -1) + 14 - (-66 + (35 - -75)).
-28
1511 + -1520 - (2 - 27)
16
Calculate 28 + 20 - ((10 - (5 + 3 - 4)) + 4).
38
Evaluate -7 + 62 - (91 + -103).
67
What is the value of -52 - -12 - (-6 + -9 - 3)?
-22
Calculate (112 - 116) + (6 - -4) - -2.
8
Calculate 15 + -1 + 0 + (-98 - -147 - 185).
-122
(-50 - (115 - 178)) + (-30 - -4)
-13
Evaluate 94 - (57 + 29 + -34).
42
50 - (51 + (21 - 47) - 19)
44
What is the value of (2 - 6) + 17 + (544 - 539)?
18
Calculate 116 + 276 + -250 + -47 + 1.
96
Evaluate -3 + (19 - 11 - 15) + 24 + 30.
44
Evaluate (-48 - -10 - (-52 + 40)) + 8.
-18
What is -8 - 47 - (-1 - 4 - 23)?
-27
(3 - 1 - -10) + -34 + -66 + -7
-95
What is the value of 5 + 36 - (8 + (13 - 4 - 23) - -2)?
45
Calculate -72 + (-4 + -14 - (14 - 46)).
-58
Calculate -88 - (17 - 34 - -39) - -41.
-69
What is (2165 - 2169 - (-10 + -1)) + -47?
-40
What is -35 + (-90 + 11 - -76)?
-38
What is -17 + -51 + 80 + -23?
-11
Evaluate (3 - -90) + 3 + (18 - (7 + -17)) + -28.
96
What is the value of -1591 + 1548 - (-14 - -8)?
-37
-136 + (-100 - 0) + 165
-71
What is -13 + -99 + 45 + 15?
-52
What is the value of 0 + -18 - (541 - 520)?
-39
What is the value of -1 + (9 - 4) - (205 - 312 - (-24 - 0))?
87
Calculate 223 - 215 - (81 - -2).
-75
What is the value of -2 + -108 - (-47 + -39 + 23 + 53)?
-100
Calculate -2 + (1 - 3) + 14 + -16 + 2 + -36.
-40
Evaluate 22 + 6 + 2 + -6 + 2 + -50 + 37.
13
-35 + (34 - 34 - (-95 + 14))
46
(-13 - 84) + (-2 - -8) + (-24 - -13 - -9)
-93
Calculate (-8 - -28) + 8 - 21 - 10.
-3
Calculate (-46 - (-13 - -12)) + (-6 - -3).
-48
Evaluate -5 + -40 + 30 - -1 - -48.
34
(27 - 10 - 2 - 9 - 3) + 3 - -17
23
0 + 18 - (681 - 661) - 3
-5
What is 1 - (-74 + -140) - 103?
112
Calculate (14 - -1) + -20 - (5 + (-73 - (4 - -1))).
68
What is -38 + (1 - 2) - (541 - 552)?
-28
-4 - (1 + (-1 - -13) - (559 - 524))
18
-19 - -73 - (-1 + 7 + -66 + 55)
59
Evaluate 8 + -33 + 34 + (12 - 20) + -128.
-127
What is the value of 61 + -19 + 31 + -138?
-65
What is -115 - -63 - -25 - (4 + -99)?
68
What is 211 - 226 - (-31 + -2) - 20?
-2
Calculate 160 - (75 + -2) - 55.
32
What is -78 - (-18 + 25 + -55)?
-30
Calculate -14 - (12 - ((-1 - 18) + 21) - 59).
35
What is the value of 8 + (29 - -6) + -72 + 64?
35
Evaluate -15 + -12 - (-26 - -17 - -17).
-35
19 - ((-39 - (8 - 39)) + -52 + -4)
83
Evaluate -453 + 476 + 0 + -46.
-23
Evaluate 0 + (-26 + -37 + 62 - -90).
89
Calculate 0 + -1 + -52 - (-3 - 21 - (19 + -50)).
-60
